it of 1093561?
0
What is the hundreds digit of 677883?
8
What is the tens digit of 2622002?
0
What is the hundred thousands digit of 4442013?
4
What is the hundred thousands digit of 180101?
1
What is the tens digit of 1462678?
7
What is the millions digit of 6413963?
6
What is the millions digit of 13524476?
3
What is the ten thousands digit of 17448641?
4
What is the hundred thousands digit of 4594982?
5
What is the ten thousands digit of 507626?
0
What is the ten thousands digit of 76873?
7
What is the tens digit of 5224376?
7
What is the hundred thousands digit of 859175?
8
What is the hundreds digit of 2802300?
3
What is the hundreds digit of 1785476?
4
What is the hundreds digit of 8340657?
6
What is the hundred thousands digit of 446158?
4
What is the ten thousands digit of 10545652?
4
What is the thousands digit of 1170720?
0
What is the millions digit of 10802195?
0
What is the thousands digit of 148394?
8
What is the millions digit of 8734749?
8
What is the hundred thousands digit of 3464673?
4
What is the units digit of 989812?
2
What is the tens digit of 4969602?
0
What is the thousands digit of 403219?
3
What is the units digit of 127401?
1
What is the hundred thousands digit of 18009934?
0
What is the hundred thousands digit of 7477508?
4
What is the millions digit of 2543912?
2
What is the hundreds digit of 1481899?
8
What is the ten thousands digit of 38475?
3
What is the hundred thousands digit of 827691?
8
What is the thousands digit of 50746?
0
What is the ten thousands digit of 4053262?
5
What is the hundred thousands digit of 263935?
2
What is the tens digit of 14341924?
2
What is the hundred thousands digit of 1246968?
2
What is the ten thousands digit of 4259750?
5
What is the millions digit of 1898378?
1
What is the units digit of 11865143?
3
What is the thousands digit of 749351?
9
What is the units digit of 582653?
3
What is the thousands digit of 35495122?
5
What is the hundred thousands digit of 680681?
6
What is the hundred thousands digit of 19439122?
4
What is the thousands digit of 6587363?
7
What is the tens digit of 171848?
4
What is the tens digit of 585170?
7
What is the ten thousands digit of 29189602?
8
What is the tens digit of 349050?
5
What is the ten thousands digit of 306006?
0
What is the tens digit of 1195131?
3
What is the hundreds digit of 3002926?
9
What is the ten thousands digit of 1750386?
5
What is the thousands digit of 1886725?
6
What is the hundred thousands digit of 2772727?
7
What is the units digit of 241097?
7
What is the ten thousands digit of 386959?
8
What is the ten millions digit of 13715407?
1
What is the hundreds digit of 1326460?
4
What is the ten millions digit of 20667951?
2
What is the tens digit of 260864?
6
What is the hundreds digit of 14583072?
0
What is the hundred thousands digit of 256703?
2
What is the ten thousands digit of 3716764?
1
What is the millions digit of 6842162?
6
What is the thousands digit of 9326557?
6
What is the thousands digit of 503629?
3
What is the thousands digit of 140376?
0
What is the hundreds digit of 273081?
0
What is the tens digit of 1821253?
5
What is the ten thousands digit of 246729?
4
What is the thousands digit of 356385?
6
What is the tens digit of 307220?
2
What is the units digit of 1173389?
9
What is the hundred thousands digit of 189042?
1
What is the thousands digit of 116782?
6
What is the hundreds digit of 151984?
9
What is the units digit of 4203019?
9
What is the hundred thousands digit of 1153152?
1
What is the hundreds digit of 4572168?
1
What is the thousands digit of 3206811?
6
What is the hundreds digit of 256054?
0
What is the hundred thousands digit of 237298?
2
What is the tens digit of 19891247?
4
What is the hundreds digit of 3146425?
4
What is the tens digit of 407463?
6
What is the hundreds digit of 4207048?
0
What is the ten thousands digit of 21436028?
3
What is the ten thousands digit of 21563?
2
What is the hundreds digit of 93285?
2
What is the tens digit of 13585858?
5
What is the hundreds digit of 130516?
5
What is the ten thousands digit of 276189?
7
What is the units digit of 245376?
6
What is the ten millions digit of 15078306?
1
What is the hundred thousands digit of 8646807?
6
What is the hundred thousands digit of 9396726?
3
What is the hundreds digit of 315629?
6
What is the units digit of 692403?
3
What is the units digit of 1072662?
2
What is the hundreds digit of 15410077?
0
What is the tens digit of 274444?
4
What is the hundred thousands digit of 261610?
2
What is the hundreds digit of 116601?
6
What is the millions digit of 3703237?
3
What is the hundreds digit of 1182772?
7
What is the tens digit of 708986?
8
What is the tens digit of 273181?
8
What is the tens digit of 4321?
2
What is the hundreds digit of 1083361?
3
What is the units digit of 620528?
8
What is the hundreds digit of 2506561?
5
What is the hundreds digit of 2038703?
7
What is the units digit of 437588?
8
What is the tens digit of 53287?
8
What is the hundreds digit of 377599?
5
What is the units digit of 1354260?
0
What is the hundred thousands digit of 2929970?
9
What is the units digit of 8492?
2
What is the thousands digit of 11196517?
6
What is the hundred thousands digit of 184860?
1
What is the tens digit of 1677526?
2
What is the units digit of 420911?
1
What is the hundred thousands digit of 212563?
2
What is the hundred thousands digit of 255184?
2
What is the hundreds digit of 212493?
4
What is the thousands digit of 44195?
4
What is the tens digit of 706590?
9
What is the units digit of 922961?
1
What is the millions digit of 1456359?
1
What is the thousands digit of 409791?
9
What is the thousands digit of 1977635?
7
What is the hundred thousands digit of 107213?
1
What is the ten thousands digit of 205471?
0
What is the hundreds digit of 4629156?
1
What is the units digit of 7866813?
3
What is the millions digit of 6366725?
6
What is the thousands digit of 331334?
1
What is the units digit of 1287041?
1
What is the hundred thousands digit of 1066775?
0
What is the ten thousands digit of 1176023?
7
What is the units digit of 291187?
7
What is the thousands digit of 194685?
4
What is the thousands digit of 83088?
3
What is the ten thousands digit of 553487?
5
What is the millions digit of 8660831?
8
What is the ten thousands digit of 1472639?
7
What is the tens digit of 265359?
5
What is the millions digit of 8433679?
8
What is the hundreds digit of 216306?
3
What is the thousands digit of 7412421?
2
What is the hundreds digit of 545599?
5
What is the hundreds digit of 78202?
2
What is the ten thousands digit of 99166?
9
What is the units digit of 36303343?
3
What is the ten millions digit of 26050156?
2
What is the units digit of 6528211?
1
What is the tens digit of 1413546?
4
What is the ten thousands digit of 27321?
2
What is the hundred thousands digit of 213618?
2
What is the ten thousands digit of 423701?
2
What is the units digit of 1020049?
9
What is the ten thousands digit of 10472934?
7
What is the hundreds digit of 154824?
8
What is the millions digit of 2466439?
2
What is the hundreds digit of 259957?
9
What is the millions digit of 1535992?
1
What is the hundreds digit of 466734?
7
What is the ten thousands digit of 30578327?
7
What is the tens digit of 591996?
9
What is the units digit of 871860?
0
What is the thousands digit of 301802?
1
What is the ten millions digit of 14638155?
1
What is the hundreds digit of 41153?
1
What is the ten thousands digit of 5202791?
0
What is the millions digit of 12308810?
2
What is the units digit of 1541345?
5
What is the ten thousands digit of 9448757?
4
What is the millions digit of 12923928?
2
What is the millions digit of 9479844?
9
What is the thousands digit of 99770?
9
What is the hundreds digit of 5021591?
5
What is the hundreds digit of 10899768?
7
What is the hundred thousands digit of 780766?
7
What is the hundreds digit of 107545?
5
What is the ten millions digit of 17393391?
1
What is the ten thousands digit of 5886772?
8
What is the ten thousands digit of 3520362?
2
What is the units digit of 112299?
9
What is the thousands digit of 1827359?
7
What is the ten thousands digit of 22990197?
9
What is the tens digit of 5261720?
2
What is the tens dig